[INFO] cloning repository https://github.com/ceejbot/slack-rtm-async
[INFO] running `Command { std: "git" "-c" "credential.helper=" "-c" "credential.helper=/workspace/cargo-home/bin/git-credential-null" "clone" "--bare" "https://github.com/ceejbot/slack-rtm-async" "/workspace/cache/git-repos/https%3A%2F%2Fgithub.com%2Fceejbot%2Fslack-rtm-async", kill_on_drop: false }`
[INFO] [stderr] Cloning into bare repository '/workspace/cache/git-repos/https%3A%2F%2Fgithub.com%2Fceejbot%2Fslack-rtm-async'...
[INFO] running `Command { std: "git" "rev-parse" "HEAD", kill_on_drop: false }`
[INFO] [stdout] c33a0367f8b6f51525c959cc1c6c1ca10ab32d03
[INFO] checking ceejbot/slack-rtm-async against master#e6e4f7ed1589e03bc2f6c5931c1a72e7947e8682 for beta-170-4
[INFO] running `Command { std: "git" "clone" "/workspace/cache/git-repos/https%3A%2F%2Fgithub.com%2Fceejbot%2Fslack-rtm-async" "/workspace/builds/worker-0-tc2/source", kill_on_drop: false }`
[INFO] [stderr] Cloning into '/workspace/builds/worker-0-tc2/source'...
[INFO] [stderr] done.
[INFO] validating manifest of git repo https://github.com/ceejbot/slack-rtm-async on toolchain e6e4f7ed1589e03bc2f6c5931c1a72e7947e8682
[INFO] running `Command { std: CARGO_HOME="/workspace/cargo-home" RUSTUP_HOME="/workspace/rustup-home" "/workspace/cargo-home/bin/cargo" "+e6e4f7ed1589e03bc2f6c5931c1a72e7947e8682" "metadata" "--manifest-path" "Cargo.toml" "--no-deps", kill_on_drop: false }`
[INFO] started tweaking git repo https://github.com/ceejbot/slack-rtm-async
[INFO] finished tweaking git repo https://github.com/ceejbot/slack-rtm-async
[INFO] tweaked toml for git repo https://github.com/ceejbot/slack-rtm-async written to /workspace/builds/worker-0-tc2/source/Cargo.toml
[INFO] crate git repo https://github.com/ceejbot/slack-rtm-async already has a lockfile, it will not be regenerated
[INFO] running `Command { std: CARGO_HOME="/workspace/cargo-home" RUSTUP_HOME="/workspace/rustup-home" "/workspace/cargo-home/bin/cargo" "+e6e4f7ed1589e03bc2f6c5931c1a72e7947e8682" "fetch" "--manifest-path" "Cargo.toml", kill_on_drop: false }`
[INFO] running `Command { std: "docker" "create" "-v" "/var/lib/crater-agent-workspace/builds/worker-0-tc2/target:/opt/rustwide/target:rw,Z" "-v" "/var/lib/crater-agent-workspace/builds/worker-0-tc2/source:/opt/rustwide/workdir:ro,Z" "-v" "/var/lib/crater-agent-workspace/cargo-home:/opt/rustwide/cargo-home:ro,Z" "-v" "/var/lib/crater-agent-workspace/rustup-home:/opt/rustwide/rustup-home:ro,Z" "-e" "SOURCE_DIR=/opt/rustwide/workdir" "-e" "CARGO_TARGET_DIR=/opt/rustwide/target" "-e" "CARGO_HOME=/opt/rustwide/cargo-home" "-e" "RUSTUP_HOME=/opt/rustwide/rustup-home" "-w" "/opt/rustwide/workdir" "-m" "1610612736" "--user" "0:0" "--network" "none" "ghcr.io/rust-lang/crates-build-env/linux@sha256:19e73879b68f455e41552ea35293514db52ea292d993f571636dbffedb77a1ee" "/opt/rustwide/cargo-home/bin/cargo" "+e6e4f7ed1589e03bc2f6c5931c1a72e7947e8682" "metadata" "--no-deps" "--format-version=1", kill_on_drop: false }`
[INFO] [stdout] 2e2cf1751ae8906ec5c316409a2271652b750215e54ec79d0c00e14a614d23ea
[INFO] running `Command { std: "docker" "start" "-a" "2e2cf1751ae8906ec5c316409a2271652b750215e54ec79d0c00e14a614d23ea", kill_on_drop: false }`
[INFO] running `Command { std: "docker" "inspect" "2e2cf1751ae8906ec5c316409a2271652b750215e54ec79d0c00e14a614d23ea", kill_on_drop: false }`
[INFO] running `Command { std: "docker" "rm" "-f" "2e2cf1751ae8906ec5c316409a2271652b750215e54ec79d0c00e14a614d23ea", kill_on_drop: false }`
[INFO] [stdout] 2e2cf1751ae8906ec5c316409a2271652b750215e54ec79d0c00e14a614d23ea
[INFO] running `Command { std: "docker" "create" "-v" "/var/lib/crater-agent-workspace/builds/worker-0-tc2/target:/opt/rustwide/target:rw,Z" "-v" "/var/lib/crater-agent-workspace/builds/worker-0-tc2/source:/opt/rustwide/workdir:ro,Z" "-v" "/var/lib/crater-agent-workspace/cargo-home:/opt/rustwide/cargo-home:ro,Z" "-v" "/var/lib/crater-agent-workspace/rustup-home:/opt/rustwide/rustup-home:ro,Z" "-e" "SOURCE_DIR=/opt/rustwide/workdir" "-e" "CARGO_TARGET_DIR=/opt/rustwide/target" "-e" "CARGO_INCREMENTAL=0" "-e" "RUST_BACKTRACE=full" "-e" "RUSTFLAGS=--cap-lints=forbid" "-e" "RUSTDOCFLAGS=--cap-lints=forbid" "-e" "CARGO_HOME=/opt/rustwide/cargo-home" "-e" "RUSTUP_HOME=/opt/rustwide/rustup-home" "-w" "/opt/rustwide/workdir" "-m" "1610612736" "--user" "0:0" "--network" "none" "ghcr.io/rust-lang/crates-build-env/linux@sha256:19e73879b68f455e41552ea35293514db52ea292d993f571636dbffedb77a1ee" "/opt/rustwide/cargo-home/bin/cargo" "+e6e4f7ed1589e03bc2f6c5931c1a72e7947e8682" "check" "--frozen" "--all" "--all-targets" "--message-format=json", kill_on_drop: false }`
[INFO] [stdout] 5a446cc9f27c477225e9b85bd7baca882312e9dd65f13279c25ab2c3100a1c50
[INFO] running `Command { std: "docker" "start" "-a" "5a446cc9f27c477225e9b85bd7baca882312e9dd65f13279c25ab2c3100a1c50", kill_on_drop: false }`
[INFO] [stderr]    Compiling proc-macro2 v1.0.37
[INFO] [stderr]    Compiling syn v1.0.91
[INFO] [stderr]    Compiling log v0.4.16
[INFO] [stderr]     Checking once_cell v1.10.0
[INFO] [stderr]     Checking pin-project-lite v0.2.8
[INFO] [stderr]    Compiling parking_lot_core v0.9.2
[INFO] [stderr]     Checking smallvec v1.8.0
[INFO] [stderr]    Compiling futures-core v0.3.21
[INFO] [stderr]    Compiling lock_api v0.4.7
[INFO] [stderr]    Compiling ring v0.16.20
[INFO] [stderr]     Checking itoa v1.0.1
[INFO] [stderr]     Checking untrusted v0.7.1
[INFO] [stderr]    Compiling futures-task v0.3.21
[INFO] [stderr]     Checking signal-hook-registry v1.4.0
[INFO] [stderr]     Checking num_cpus v1.13.1
[INFO] [stderr]     Checking socket2 v0.4.4
[INFO] [stderr]     Checking spin v0.5.2
[INFO] [stderr]     Checking futures-sink v0.3.21
[INFO] [stderr]    Compiling generic-array v0.14.5
[INFO] [stderr]    Compiling httparse v1.7.0
[INFO] [stderr]    Compiling futures-util v0.3.21
[INFO] [stderr]     Checking tracing-core v0.1.26
[INFO] [stderr]     Checking http v0.2.6
[INFO] [stderr]    Compiling indexmap v1.8.1
[INFO] [stderr]     Checking slab v0.4.6
[INFO] [stderr]    Compiling rustls v0.20.4
[INFO] [stderr]    Compiling serde v1.0.136
[INFO] [stderr]    Compiling futures-channel v0.3.21
[INFO] [stderr]     Checking getrandom v0.2.6
[INFO] [stderr]     Checking miniz_oxide v0.5.1
[INFO] [stderr]     Checking tower-service v0.3.1
[INFO] [stderr]     Checking ryu v1.0.9
[INFO] [stderr]     Checking mio v0.8.2
[INFO] [stderr]     Checking want v0.3.0
[INFO] [stderr]    Compiling async-trait v0.1.53
[INFO] [stderr]    Compiling serde_json v1.0.79
[INFO] [stderr]     Checking rustls-pemfile v0.3.0
[INFO] [stderr]     Checking rand_core v0.6.3
[INFO] [stderr]     Checking ipnet v2.5.0
[INFO] [stderr]     Checking utf-8 v0.7.6
[INFO] [stderr]     Checking parking_lot v0.12.0
[INFO] [stderr]     Checking rand_chacha v0.3.1
[INFO] [stderr]     Checking flate2 v1.0.23
[INFO] [stderr]     Checking rand v0.8.5
[INFO] [stderr]    Compiling quote v1.0.18
[INFO] [stderr]     Checking block-buffer v0.10.2
[INFO] [stderr]     Checking crypto-common v0.1.3
[INFO] [stderr]     Checking digest v0.10.3
[INFO] [stderr]     Checking sha-1 v0.10.0
[INFO] [stderr]     Checking http-body v0.4.4
[INFO] [stderr]     Checking serde_urlencoded v0.7.1
[INFO] [stderr]     Checking webpki v0.22.0
[INFO] [stderr]     Checking sct v0.7.0
[INFO] [stderr]     Checking webpki-roots v0.22.3
[INFO] [stderr]    Compiling tokio-macros v1.7.0
[INFO] [stderr]    Compiling tracing-attributes v0.1.20
[INFO] [stderr]    Compiling thiserror-impl v1.0.30
[INFO] [stderr]    Compiling serde_derive v1.0.136
[INFO] [stderr]     Checking tokio v1.17.0
[INFO] [stderr]     Checking thiserror v1.0.30
[INFO] [stderr]     Checking tungstenite v0.17.2
[INFO] [stderr]     Checking tracing v0.1.34
[INFO] [stderr]     Checking tokio-util v0.7.1
[INFO] [stderr]     Checking tokio-rustls v0.23.3
[INFO] [stderr]     Checking tokio-util v0.6.9
[INFO] [stderr]     Checking async-compression v0.3.12
[INFO] [stderr]     Checking tokio-tungstenite v0.17.1
[INFO] [stderr]     Checking h2 v0.3.13
[INFO] [stderr]     Checking hyper v0.14.18
[INFO] [stderr]     Checking hyper-rustls v0.23.0
[INFO] [stderr]     Checking reqwest v0.11.10
[INFO] [stderr]     Checking slack_api v0.23.1 (https://github.com/ceejbot/slack-rs-api#a1d54f51)
[INFO] [stderr]     Checking slack-rtm-async v0.1.0 (/opt/rustwide/workdir)
[INFO] [stdout] error[E0433]: failed to resolve: could not find `Stream` in `stream`
[INFO] [stdout]    --> src/lib.rs:202:38
[INFO] [stdout]     |
[INFO] [stdout] 202 |                 tungstenite::stream::Stream::Plain(ref s) => s,
[INFO] [stdout]     |                                      ^^^^^^ could not find `Stream` in `stream`
[INFO] [stdout] 
[INFO] [stdout] 
[INFO] [stdout] error[E0433]: failed to resolve: could not find `Stream` in `stream`
[INFO] [stdout]    --> src/lib.rs:203:38
[INFO] [stdout]     |
[INFO] [stdout] 203 |                 tungstenite::stream::Stream::Tls(ref mut t) => t.get_mut(),
[INFO] [stdout]     |                                      ^^^^^^ could not find `Stream` in `stream`
[INFO] [stdout] 
[INFO] [stdout] 
[INFO] [stdout] error[E0433]: failed to resolve: could not find `Stream` in `stream`
[INFO] [stdout]    --> src/lib.rs:202:38
[INFO] [stdout]     |
[INFO] [stdout] 202 |                 tungstenite::stream::Stream::Plain(ref s) => s,
[INFO] [stdout]     |                                      ^^^^^^ could not find `Stream` in `stream`
[INFO] [stdout] 
[INFO] [stdout] 
[INFO] [stdout] error[E0433]: failed to resolve: could not find `Stream` in `stream`
[INFO] [stdout]    --> src/lib.rs:203:38
[INFO] [stdout]     |
[INFO] [stdout] 203 |                 tungstenite::stream::Stream::Tls(ref mut t) => t.get_mut(),
[INFO] [stdout]     |                                      ^^^^^^ could not find `Stream` in `stream`
[INFO] [stdout] 
[INFO] [stdout] 
[INFO] [stdout] error[E0728]: `await` is only allowed inside `async` functions and blocks
[INFO] [stdout]    --> src/lib.rs:259:59
[INFO] [stdout]     |
[INFO] [stdout] 190 | /     pub fn run<T: EventHandler>(&self, handler: &mut T) -> Result<(), Error> {
[INFO] [stdout] 191 | |         let start_url = self
[INFO] [stdout] 192 | |             .start_response
[INFO] [stdout] 193 | |             .url
[INFO] [stdout] ...   |
[INFO] [stdout] 259 | |                             handler.on_event(self, event).await;
[INFO] [stdout]     | |                                                           ^^^^^ only allowed inside `async` functions and blocks
[INFO] [stdout] ...   |
[INFO] [stdout] 275 | |         }
[INFO] [stdout] 276 | |     }
[INFO] [stdout]     | |_____- this is not `async`
[INFO] [stdout] 
[INFO] [stdout] 
[INFO] [stdout] error[E0728]: `await` is only allowed inside `async` functions and blocks
[INFO] [stdout]    --> src/lib.rs:259:59
[INFO] [stdout]     |
[INFO] [stdout] 190 | /     pub fn run<T: EventHandler>(&self, handler: &mut T) -> Result<(), Error> {
[INFO] [stdout] 191 | |         let start_url = self
[INFO] [stdout] 192 | |             .start_response
[INFO] [stdout] 193 | |             .url
[INFO] [stdout] ...   |
[INFO] [stdout] 259 | |                             handler.on_event(self, event).await;
[INFO] [stdout]     | |                                                           ^^^^^ only allowed inside `async` functions and blocks
[INFO] [stdout] ...   |
[INFO] [stdout] 275 | |         }
[INFO] [stdout] 276 | |     }
[INFO] [stdout]     | |_____- this is not `async`
[INFO] [stdout] 
[INFO] [stdout] 
[INFO] [stdout] error: aborting due to 3 previous errors
[INFO] [stdout] 
[INFO] [stdout] 
[INFO] [stdout] Some errors have detailed explanations: E0433, E0728.
[INFO] [stdout] 
[INFO] [stdout] error: aborting due to 3 previous errors
[INFO] [stdout] 
[INFO] [stdout] 
[INFO] [stdout] For more information about an error, try `rustc --explain E0433`.
[INFO] [stdout] 
[INFO] [stdout] Some errors have detailed explanations: E0433, E0728.
[INFO] [stdout] 
[INFO] [stdout] For more information about an error, try `rustc --explain E0433`.
[INFO] [stdout] 
[INFO] [stderr] error: could not compile `slack-rtm-async` (lib) due to 4 previous errors
[INFO] [stderr] warning: build failed, waiting for other jobs to finish...
[INFO] [stderr] error: could not compile `slack-rtm-async` (lib test) due to 4 previous errors
[INFO] running `Command { std: "docker" "inspect" "5a446cc9f27c477225e9b85bd7baca882312e9dd65f13279c25ab2c3100a1c50", kill_on_drop: false }`
[INFO] running `Command { std: "docker" "rm" "-f" "5a446cc9f27c477225e9b85bd7baca882312e9dd65f13279c25ab2c3100a1c50", kill_on_drop: false }`
[INFO] [stdout] 5a446cc9f27c477225e9b85bd7baca882312e9dd65f13279c25ab2c3100a1c50
